{"id":48,"date":"2018-02-24T19:59:28","date_gmt":"2018-02-24T19:59:28","guid":{"rendered":"http:\/\/wirkstattsteger.at\/?page_id=48"},"modified":"2025-02-20T16:09:28","modified_gmt":"2025-02-20T16:09:28","slug":"wirkstatt-fuer-geschichten-und-bildung","status":"publish","type":"page","link":"http:\/\/wirkstattsteger.at\/","title":{"rendered":"WIRKSTATT &#8211; Geschichten &amp; Bildung"},"content":{"rendered":"\n<p><span style=\"color: #00ccff;\"><strong><span style=\"color: #0000ff;\">Rund um GESCHICHTEN &#8211; Erz\u00e4hlen, M\u00e4rchen, Rituale und Gruppen<\/span> <\/strong><\/span><\/p>\n\n\n\n<pre class=\"wp-block-preformatted has-light-gray-background-color has-background\"><strong><span style=\"color: #00ccff;\">Erz\u00e4hlstunden - zB in der Schule, Altersheim <\/span><\/strong><br><strong><span style=\"color: #00ccff;\">Jubil\u00e4en, Lebens- \u00dcberg\u00e4nge und Feste <\/span><\/strong><br><strong><span style=\"color: #00ccff;\">Workshops und Projekte <br><\/span><\/strong><strong><span style=\"color: #00ccff;\">Vortr\u00e4ge und Seminare, Tagungen <\/span><\/strong><br><strong><span style=\"color: #00ccff;\">digital&nbsp;&nbsp;storytelling<br>Kamishibai und M\u00e4rchen Impro Theater<\/span><\/strong><\/pre>\n\n\n\n<p class=\"has-medium-pink-color has-text-color has-link-color wp-elements-46bd73ed8c337d1a76c626c6878be525\"><strong>AKTUELLES  &#8211;  <em> Erz\u00e4hlTheater mit Puppen  &#8222;Das kalte Herz<\/em>&#8220; (W.Hauff) kleine Vorschau mit Szenen unter   <a href=\"https:\/\/youtu.be\/TifTPmmRamo\">https:\/\/youtu.be\/TifTPmmRamo<\/a>     @manuelasteger7723<\/strong><\/p>\n\n\n\n<div class=\"wp-block-group\"><div class=\"wp-block-group__inner-container is-layout-constrained wp-block-group-is-layout-constrained\">\n<pre class=\"wp-block-preformatted\"><strong><span style=\"color: #00ccff;\"><span style=\"color: #339966;\">Planen gerne bei Kr\u00e4utertee, Gew\u00fcrzkaffee..bedarfsgerecht, kreativ<strong><span style=\"color: #00ccff;\"><span style=\"color: #339966;\">,f\u00fcr alle Altersstufen<\/span><\/span><\/strong>  <figure><img loading=\"lazy\" decoding=\"async\" width=\"187\" height=\"140\" class=\"wp-image-105 alignleft\" src=\"http:\/\/wirkstattsteger.at\/wp-content\/uploads\/2018\/02\/IMG_0855-300x225.jpg\" alt=\"\" srcset=\"http:\/\/wirkstattsteger.at\/wp-content\/uploads\/2018\/02\/IMG_0855-300x225.jpg 300w, http:\/\/wirkstattsteger.at\/wp-content\/uploads\/2018\/02\/IMG_0855-768x576.jpg 768w, http:\/\/wirkstattsteger.at\/wp-content\/uploads\/2018\/02\/IMG_0855-1024x768.jpg 1024w, http:\/\/wirkstattsteger.at\/wp-content\/uploads\/2018\/02\/IMG_0855-1200x900.jpg 1200w\" sizes=\"auto, (max-width: 187px) 100vw, 187px\" \/><\/figure><\/span><\/span><\/strong><img loading=\"lazy\" decoding=\"async\" width=\"187\" height=\"111\" class=\"wp-image-108\" style=\"width: 187px;\" src=\"http:\/\/wirkstattsteger.at\/wp-content\/uploads\/2018\/02\/thumbs.tele_.net1_.jpg\" alt=\"\" srcset=\"http:\/\/wirkstattsteger.at\/wp-content\/uploads\/2018\/02\/thumbs.tele_.net1_.jpg 1024w, http:\/\/wirkstattsteger.at\/wp-content\/uploads\/2018\/02\/thumbs.tele_.net1_-300x179.jpg 300w, http:\/\/wirkstattsteger.at\/wp-content\/uploads\/2018\/02\/thumbs.tele_.net1_-768x458.jpg 768w\" sizes=\"auto, (max-width: 187px) 100vw, 187px\" \/><strong><img loading=\"lazy\" decoding=\"async\" width=\"185\" height=\"139\" class=\"alignright wp-image-107\" src=\"http:\/\/wirkstattsteger.at\/wp-content\/uploads\/2018\/02\/IMG_1744-300x225.jpg\" alt=\"\" srcset=\"http:\/\/wirkstattsteger.at\/wp-content\/uploads\/2018\/02\/IMG_1744-300x225.jpg 300w, http:\/\/wirkstattsteger.at\/wp-content\/uploads\/2018\/02\/IMG_1744-768x576.jpg 768w, http:\/\/wirkstattsteger.at\/wp-content\/uploads\/2018\/02\/IMG_1744-1024x768.jpg 1024w, http:\/\/wirkstattsteger.at\/wp-content\/uploads\/2018\/02\/IMG_1744-1200x900.jpg 1200w\" sizes=\"auto, (max-width: 185px) 100vw, 185px\" \/><\/strong><\/pre>\n<\/div><\/div>\n\n\n\n<div class=\"wp-block-group\"><div class=\"wp-block-group__inner-container is-layout-constrained wp-block-group-is-layout-constrained\">\n<div class=\"wp-block-columns is-layout-flex wp-container-core-columns-is-layout-9d6595d7 wp-block-columns-is-layout-flex\">\n<div class=\"wp-block-column is-layout-flow wp-block-column-is-layout-flow\" style=\"flex-basis:100%\">\n<figure class=\"wp-block-gallery has-nested-images columns-default is-cropped wp-block-gallery-1 is-layout-flex wp-block-gallery-is-layout-flex\">\n<figure class=\"wp-block-image size-full\"><img loading=\"lazy\" decoding=\"async\" width=\"1353\" height=\"2560\" data-id=\"318\" src=\"http:\/\/wirkstattsteger.at\/wp-content\/uploads\/2025\/02\/im-stroh1-2-scaled.jpg\" alt=\"\" class=\"wp-image-318\" style=\"aspect-ratio:1;object-fit:contain\" srcset=\"http:\/\/wirkstattsteger.at\/wp-content\/uploads\/2025\/02\/im-stroh1-2-scaled.jpg 1353w, http:\/\/wirkstattsteger.at\/wp-content\/uploads\/2025\/02\/im-stroh1-2-159x300.jpg 159w, http:\/\/wirkstattsteger.at\/wp-content\/uploads\/2025\/02\/im-stroh1-2-541x1024.jpg 541w, http:\/\/wirkstattsteger.at\/wp-content\/uploads\/2025\/02\/im-stroh1-2-768x1453.jpg 768w, http:\/\/wirkstattsteger.at\/wp-content\/uploads\/2025\/02\/im-stroh1-2-812x1536.jpg 812w, http:\/\/wirkstattsteger.at\/wp-content\/uploads\/2025\/02\/im-stroh1-2-1082x2048.jpg 1082w\" sizes=\"auto, (max-width: 1353px) 100vw, 1353px\" \/><\/figure>\n<\/figure>\n<\/div>\n<\/div>\n<\/div><\/div>\n\n\n\n<pre class=\"wp-block-preformatted has-light-gray-background-color has-background has-medium-font-size\"><span style=\"color: #00ccff;\"><strong><span style=\"color: #0000ff;\">Rund um BILDUNG  - <\/span>Lebenslang.Lustvoll.Lernen<\/strong><\/span><br><br>indoor und outdoor, themenspezifisch &nbsp;&nbsp;  &nbsp;&nbsp; <br>      f\u00fcr Schulen, Vereine, Firmen, Gemeinden<br><br>Angebote und Projekte gerne auf Anfrage miteinander entwickeln<br>              ma\u00dfgeschneidert, stundenlang und tageweise<\/pre>\n\n\n\n<pre class=\"wp-block-preformatted has-dark-purple-color has-light-pink-background-color has-text-color has-background has-link-color wp-elements-b33d1113e2257dc689da9b67e39ef58b\"><em><strong>download<\/strong><\/em>     <a href=\"http:\/\/wirkstattsteger.at\/wp-content\/uploads\/2024\/05\/minibook_771294CD-B1F1-E6B0-10BBD63067375C8B-1.pdf\">minibook_771294CD-B1F1-E6B0-10BBD63067375C8B<\/a><br><br><strong><em><br><\/em>Interview <em>zum Thema ERZ\u00c4HLEN<\/em><\/strong> unter <a href=\"https:\/\/youtu.be\/BnFiWlBOYxc?feature=shared \">https:\/\/youtu.be\/BnFiWlBOYxc?feature=shared <\/a><br>     <br>bei AUGUST 2024- Geschichten am Bauernhof, in der Ostschweiz - weitere Infos \/ Anmeldung - www.geschichtenetc.ch <\/pre>\n","protected":false},"excerpt":{"rendered":"<p>Rund um GESCHICHTEN &#8211; Erz\u00e4hlen, M\u00e4rchen, Rituale und Gruppen Erz\u00e4hlstunden &#8211; zB in der Schule, Altersheim Jubil\u00e4en, Lebens- \u00dcberg\u00e4nge und Feste Workshops und Projekte Vortr\u00e4ge und Seminare, Tagungen digital&nbsp;&nbsp;storytellingKamishibai und M\u00e4rchen Impro Theater AKTUELLES &#8211; Erz\u00e4hlTheater mit Puppen &#8222;Das kalte Herz&#8220; (W.Hauff) kleine Vorschau mit Szenen unter https:\/\/youtu.be\/TifTPmmRamo @manuelasteger7723 Planen gerne bei Kr\u00e4utertee, Gew\u00fcrzkaffee..bedarfsgerecht, kreativ,f\u00fcr &hellip; <a href=\"http:\/\/wirkstattsteger.at\/\" class=\"more-link\"><span class=\"screen-reader-text\">WIRKSTATT &#8211; Geschichten &amp; Bildung<\/span> weiterlesen<\/a><\/p>\n","protected":false},"author":1,"featured_media":0,"parent":0,"menu_order":1,"comment_status":"closed","ping_status":"closed","template":"","meta":{"footnotes":""},"class_list":["post-48","page","type-page","status-publish","hentry"],"_links":{"self":[{"href":"http:\/\/wirkstattsteger.at\/index.php?rest_route=\/wp\/v2\/pages\/48","targetHints":{"allow":["GET"]}}],"collection":[{"href":"http:\/\/wirkstattsteger.at\/index.php?rest_route=\/wp\/v2\/pages"}],"about":[{"href":"http:\/\/wirkstattsteger.at\/index.php?rest_route=\/wp\/v2\/types\/page"}],"author":[{"embeddable":true,"href":"http:\/\/wirkstattsteger.at\/index.php?rest_route=\/wp\/v2\/users\/1"}],"replies":[{"embeddable":true,"href":"http:\/\/wirkstattsteger.at\/index.php?rest_route=%2Fwp%2Fv2%2Fcomments&post=48"}],"version-history":[{"count":30,"href":"http:\/\/wirkstattsteger.at\/index.php?rest_route=\/wp\/v2\/pages\/48\/revisions"}],"predecessor-version":[{"id":331,"href":"http:\/\/wirkstattsteger.at\/index.php?rest_route=\/wp\/v2\/pages\/48\/revisions\/331"}],"wp:attachment":[{"href":"http:\/\/wirkstattsteger.at\/index.php?rest_route=%2Fwp%2Fv2%2Fmedia&parent=48"}],"curies":[{"name":"wp","href":"https:\/\/api.w.org\/{rel}","templated":true}]}}

<p><span style="color: #00ccff;"><strong><span style="color: #0000ff;">Rund um GESCHICHTEN &#8211; Erzählen, Märchen, Rituale und Gruppen</span> </strong></span></p>



<pre class="wp-block-preformatted has-light-gray-background-color has-background"><strong><span style="color: #00ccff;">Erzählstunden - zB in der Schule, Altersheim </span></strong><br><strong><span style="color: #00ccff;">Jubiläen, Lebens- Übergänge und Feste </span></strong><br><strong><span style="color: #00ccff;">Workshops und Projekte <br></span></strong><strong><span style="color: #00ccff;">Vorträge und Seminare, Tagungen </span></strong><br><strong><span style="color: #00ccff;">digital&nbsp;&nbsp;storytelling<br>Kamishibai und Märchen Impro Theater</span></strong></pre>



<p class="has-medium-pink-color has-text-color has-link-color wp-elements-46bd73ed8c337d1a76c626c6878be525"><strong>AKTUELLES  &#8211;  <em> ErzählTheater mit Puppen  &#8222;Das kalte Herz</em>&#8220; (W.Hauff) kleine Vorschau mit Szenen unter   <a href="https://youtu.be/TifTPmmRamo">https://youtu.be/TifTPmmRamo</a>     @manuelasteger7723</strong></p>



<div class="wp-block-group"><div class="wp-block-group__inner-container is-layout-constrained wp-block-group-is-layout-constrained">
<pre class="wp-block-preformatted"><strong><span style="color: #00ccff;"><span style="color: #339966;">Planen gerne bei Kräutertee, Gewürzkaffee..bedarfsgerecht, kreativ<strong><span style="color: #00ccff;"><span style="color: #339966;">,für alle Altersstufen</span></span></strong>  <figure><img loading="lazy" decoding="async" width="187" height="140" class="wp-image-105 alignleft" src="http://wirkstattsteger.at/wp-content/uploads/2018/02/IMG_0855-300x225.jpg" alt="" srcset="http://wirkstattsteger.at/wp-content/uploads/2018/02/IMG_0855-300x225.jpg 300w, http://wirkstattsteger.at/wp-content/uploads/2018/02/IMG_0855-768x576.jpg 768w, http://wirkstattsteger.at/wp-content/uploads/2018/02/IMG_0855-1024x768.jpg 1024w, http://wirkstattsteger.at/wp-content/uploads/2018/02/IMG_0855-1200x900.jpg 1200w" sizes="auto, (max-width: 187px) 100vw, 187px" /></figure></span></span></strong><img loading="lazy" decoding="async" width="187" height="111" class="wp-image-108" style="width: 187px;" src="http://wirkstattsteger.at/wp-content/uploads/2018/02/thumbs.tele_.net1_.jpg" alt="" srcset="http://wirkstattsteger.at/wp-content/uploads/2018/02/thumbs.tele_.net1_.jpg 1024w, http://wirkstattsteger.at/wp-content/uploads/2018/02/thumbs.tele_.net1_-300x179.jpg 300w, http://wirkstattsteger.at/wp-content/uploads/2018/02/thumbs.tele_.net1_-768x458.jpg 768w" sizes="auto, (max-width: 187px) 100vw, 187px" /><strong><img loading="lazy" decoding="async" width="185" height="139" class="alignright wp-image-107" src="http://wirkstattsteger.at/wp-content/uploads/2018/02/IMG_1744-300x225.jpg" alt="" srcset="http://wirkstattsteger.at/wp-content/uploads/2018/02/IMG_1744-300x225.jpg 300w, http://wirkstattsteger.at/wp-content/uploads/2018/02/IMG_1744-768x576.jpg 768w, http://wirkstattsteger.at/wp-content/uploads/2018/02/IMG_1744-1024x768.jpg 1024w, http://wirkstattsteger.at/wp-content/uploads/2018/02/IMG_1744-1200x900.jpg 1200w" sizes="auto, (max-width: 185px) 100vw, 185px" /></strong></pre>
</div></div>



<div class="wp-block-group"><div class="wp-block-group__inner-container is-layout-constrained wp-block-group-is-layout-constrained">
<div class="wp-block-columns is-layout-flex wp-container-core-columns-is-layout-9d6595d7 wp-block-columns-is-layout-flex">
<div class="wp-block-column is-layout-flow wp-block-column-is-layout-flow" style="flex-basis:100%">
<figure class="wp-block-gallery has-nested-images columns-default is-cropped wp-block-gallery-1 is-layout-flex wp-block-gallery-is-layout-flex">
<figure class="wp-block-image size-full"><img loading="lazy" decoding="async" width="1353" height="2560" data-id="318" src="http://wirkstattsteger.at/wp-content/uploads/2025/02/im-stroh1-2-scaled.jpg" alt="" class="wp-image-318" style="aspect-ratio:1;object-fit:contain" srcset="http://wirkstattsteger.at/wp-content/uploads/2025/02/im-stroh1-2-scaled.jpg 1353w, http://wirkstattsteger.at/wp-content/uploads/2025/02/im-stroh1-2-159x300.jpg 159w, http://wirkstattsteger.at/wp-content/uploads/2025/02/im-stroh1-2-541x1024.jpg 541w, http://wirkstattsteger.at/wp-content/uploads/2025/02/im-stroh1-2-768x1453.jpg 768w, http://wirkstattsteger.at/wp-content/uploads/2025/02/im-stroh1-2-812x1536.jpg 812w, http://wirkstattsteger.at/wp-content/uploads/2025/02/im-stroh1-2-1082x2048.jpg 1082w" sizes="auto, (max-width: 1353px) 100vw, 1353px" /></figure>
</figure>
</div>
</div>
</div></div>



<pre class="wp-block-preformatted has-light-gray-background-color has-background has-medium-font-size"><span style="color: #00ccff;"><strong><span style="color: #0000ff;">Rund um BILDUNG  - </span>Lebenslang.Lustvoll.Lernen</strong></span><br><br>indoor und outdoor, themenspezifisch &nbsp;&nbsp;  &nbsp;&nbsp; <br>      für Schulen, Vereine, Firmen, Gemeinden<br><br>Angebote und Projekte gerne auf Anfrage miteinander entwickeln<br>              maßgeschneidert, stundenlang und tageweise</pre>



<pre class="wp-block-preformatted has-dark-purple-color has-light-pink-background-color has-text-color has-background has-link-color wp-elements-b33d1113e2257dc689da9b67e39ef58b"><em><strong>download</strong></em>     <a href="http://wirkstattsteger.at/wp-content/uploads/2024/05/minibook_771294CD-B1F1-E6B0-10BBD63067375C8B-1.pdf">minibook_771294CD-B1F1-E6B0-10BBD63067375C8B</a><br><br><strong><em><br></em>Interview <em>zum Thema ERZÄHLEN</em></strong> unter <a href="https://youtu.be/BnFiWlBOYxc?feature=shared ">https://youtu.be/BnFiWlBOYxc?feature=shared </a><br>     <br>bei AUGUST 2024- Geschichten am Bauernhof, in der Ostschweiz - weitere Infos / Anmeldung - www.geschichtenetc.ch </pre>

<p>Rund um GESCHICHTEN &#8211; Erzählen, Märchen, Rituale und Gruppen Erzählstunden &#8211; zB in der Schule, Altersheim Jubiläen, Lebens- Übergänge und Feste Workshops und Projekte Vorträge und Seminare, Tagungen digital&nbsp;&nbsp;storytellingKamishibai und Märchen Impro Theater AKTUELLES &#8211; ErzählTheater mit Puppen &#8222;Das kalte Herz&#8220; (W.Hauff) kleine Vorschau mit Szenen unter https://youtu.be/TifTPmmRamo @manuelasteger7723 Planen gerne bei Kräutertee, Gewürzkaffee..bedarfsgerecht, kreativ,für &hellip; <a href="http://wirkstattsteger.at/" class="more-link"><span class="screen-reader-text">WIRKSTATT &#8211; Geschichten &amp; Bildung</span> weiterlesen</a></p>
